129?
17
Calculate the remainder when 17707 is divided by 708.
7
Calculate the remainder when 1420 is divided by 1398.
22
Calculate the remainder when 1136650 is divided by 1167.
1159
Calculate the remainder when 3455 is divided by 1727.
1
What is the remainder when 7443 is divided by 34?
31
Calculate the remainder when 2774 is divided by 768.
470
What is the remainder when 26280 is divided by 26232?
48
What is the remainder when 2316 is divided by 43?
37
What is the remainder when 10082 is divided by 637?
527
Calculate the remainder when 6056 is divided by 1969.
149
Calculate the remainder when 73961 is divided by 229.
223
Calculate the remainder when 6511016 is divided by 29.
23
What is the remainder when 118308 is divided by 31?
12
Calculate the remainder when 16746 is divided by 2181.
1479
Calculate the remainder when 27904 is divided by 11.
8
Calculate the remainder when 27145 is divided by 1809.
10
What is the remainder when 2483 is divided by 807?
62
Calculate the remainder when 54044 is divided by 3855.
74
Calculate the remainder when 18629 is divided by 745.
4
Calculate the remainder when 208813 is divided by 30.
13
Calculate the remainder when 5563 is divided by 129.
16
Calculate the remainder when 2260 is divided by 59.
18
What is the remainder when 338187 is divided by 92?
87
What is the remainder when 1137807 is divided by 34?
31
Calculate the remainder when 1552 is divided by 259.
257
Calculate the remainder when 113338 is divided by 4.
2
What is the remainder when 1411647 is divided by 15?
12
Calculate the remainder when 1399337 is divided by 71.
69
Calculate the remainder when 5209 is divided by 5205.
4
Calculate the remainder when 97178 is divided by 570.
278
Calculate the remainder when 117990 is divided by 62.
4
What is the remainder when 30812 is divided by 162?
32
What is the remainder when 38675 is divided by 146?
131
Calculate the remainder when 168212 is divided by 578.
14
What is the remainder when 221803 is divided by 44357?
18
Calculate the remainder when 219764 is divided by 972.
92
Calculate the remainder when 1855 is divided by 63.
28
Calculate the remainder when 2918 is divided by 619.
442
Calculate the remainder when 23375 is divided by 275.
0
What is the remainder when 9359 is divided by 1039?
8
Calculate the remainder when 45456 is divided by 34.
32
What is the remainder when 74198 is divided by 169?
7
What is the remainder when 4444 is divided by 4159?
285
What is the remainder when 28833 is divided by 1253?
14
Calculate the remainder when 1069 is divided by 253.
57
What is the remainder when 95321 is divided by 57?
17
What is the remainder when 195641 is divided by 1439?
1376
What is the remainder when 358899 is divided by 57?
27
Calculate the remainder when 1971 is divided by 858.
255
What is the remainder when 16928 is divided by 95?
18
Calculate the remainder when 17176 is divided by 108.
4
Calculate the remainder when 28138 is divided by 21.
19
What is the remainder when 69159 is divided by 69143?
16
Calculate the remainder when 1790 is divided by 173.
60
Calculate the remainder when 1741 is divided by 9.
4
What is the remainder when 176398 is divided by 175?
173
Calculate the remainder when 1608 is divided by 220.
68
Calculate the remainder when 901 is divided by 892.
9
Calculate the remainder when 3586 is divided by 93.
52
Calculate the remainder when 5212 is divided by 2257.
698
What is the remainder when 32132 is divided by 543?
95
What is the remainder when 13621 is divided by 278?
277
What is the remainder when 109616 is divided by 58?
54
What is the remainder when 226230 is divided by 386?
34
What is the remainder when 4950265 is divided by 23?
21
Calculate the remainder when 56237 is divided by 343.
328
What is the remainder when 124240 is divided by 106?
8
Calculate the remainder when 2826 is divided by 528.
186
What is the remainder when 1832 is divided by 1736?
96
What is the remainder when 8077 is divided by 101?
98
Calculate the remainder when 17587 is divided by 274.
51
Calculate the remainder when 738 is divided by 500.
238
What is the remainder when 670272 is divided by 68?
64
Calculate the remainder when 381795 is divided by 415.
410
Calculate the remainder when 18186 is divided by 605.
36
What is the remainder when 34063 is divided by 443?
395
Calculate the remainder when 8186 is divided by 69.
44
Calculate the remainder when 16877 is divided by 482.
7
Calculate the remainder when 2451 is divided by 41.
32
What is the remainder when 28140 is divided by 19?
1
What is the remainder when 423278 is divided by 211628?
22
What is the remainder when 2506 is divided by 760?
226
Calculate the remainder when 41906 is divided by 20.
6
What is the remainder when 1667 is divided by 365?
207
What is the remainder when 825261 is divided by 544?
13
Calculate the remainder when 423195 is divided by 230.
225
Calculate the remainder when 53098 is divided by 226.
214
What is the remainder when 13745 is divided by 433?
322
Calculate the remainder when 31834 is divided by 5304.
10
Calculate the remainder when 277201 is divided by 277195.
6
What is the remainder when 14177 is divided by 2833?
12
Calculate the remainder when 4781 is divided by 145.
141
Calculate the remainder when 223807 is divided by 729.
4
What is the remainder when 7589 is divided by 1792?
421
Calculate the remainder when 12310 is divided by 99.
34
What is the remainder when 16970 is divided by 5643?
41
What is the remainder when 113228 is divided by 1069?
983
Calculate the remainder when 13734 is divided by 11.
6
Calculate the remainder when 30549 is divided by 228.
225
What is the remainder when 211499 is divided by 98?
15
Calculate the remainder when 6806 is divided by 188.
38
Calculate the remainder when 1574 is divided by 265.
249
What is the remainder when 6427810 is divided by 43?
41
Calculate the remainder when 3082 is divided by 508.
34
Calculate the remainder when 359874 is divided by 6099.
33
Calculate the remainder when 13699 is divided by 228.
19
What is the remainder when 7894 is divided by 254?
20
Calculate the remainder when 1187795 is divided by 12.
11
What is the remainder when 61640 is divided by 34?
32
Calculate the remainder when 1262 is divided by 30.
2
What is the remainder when 16460 is divided by 192?
140
Calculate the remainder when 723011 is divided by 16.
3
Calculate the remainder when 2680 is divided by 396.
304
Calculate the remainder when 624882 is divided by 61.
59
Calculate the remainder when 349346 is divided by 18.
2
What is the remainder when 6535 is divided by 377?
126
Calculate the remainder when 32843 is divided by 64.
11
Calculate the remainder when 41464 is divided by 2437.
35
Calculate the remainder when 103180 is divided by 633.
1
Calculate the remainder when 57499 is divided by 39.
13
Calculate the remainder when 26716 is divided by 438.
436
Calculate the remainder when 53368 is divided by 81.
70
Calculate the remainder when 29074 is divided by 2643.
1
Calculate the remainder when 50174 is divided by 1794.
1736
Calculate the remainder when 12566 is divided by 6274.
18
What is the remainder when 36799 is divided by 149?
145
Calculate the remainder when 71140 is divided by 114.
4
Calculate the remainder when 3773 is divided by 122.
113
Calculate the remainder when 6001 is divided by 41.
15
What is the remainder when 123416 is divided by 41122?
50
What is the remainder when 102010 is divided by 7?
6
What is the remainder when 80331 is divided by 26769?
24
Calculate the remainder when 30491 is divided by 126.
125
Calculate the remainder when 380770 is divided by 190382.
6
What is the remainder when 693 is divided by 339?
15
Calculate the remainder when 4585 is divided by 93.
28
What is the remainder when 9652 is divided by 12?
4
What is the remainder when 1268 is divided by 614?
40
Calculate the remainder when 41508 is divided by 13835.
3
Calculate the remainder when 1514 is divided by 100.
14
What is the remainder when 43790 is divided by 220?
10
Calculate the remainder when 31358 is divided by 64.
62
Calculate the remainder when 10050 is divided by 773.
1
What is the remainder when 61109 is divided by 278?
227
Calculate the remainder when 38360 is divided by 12782.
14
Calculate the remainder whe